e remainder when b is divided by 24.
22
Let k be (-1)/(((-4)/(-2))/(-4)). Suppose 4*a = -k*o + 40, 6*o - 8 = 4*o. Calculate the remainder when 41 + -18 - (8 + 1) is divided by a.
6
Suppose 4*h - w = 154, 0 = -h - h - w + 74. Let s = h - 0. What is the remainder when s is divided by 14?
10
Let q be (0/(-3) + -3)/(-1). Suppose 0 = -q*b + 53 + 268. Suppose 4*g - v - b = -0*g, 0 = -4*g - 5*v + 89. Calculate the remainder when g is divided by 7.
5
Let n = -20 + 86. Let q = 9 + 25. Calculate the remainder when n is divided by q.
32
Suppose 4*n + 2*a - 186 = 0, 4 + 41 = n - a. Calculate the remainder when 180 is divided by n.
42
Calculate the remainder when (-2 - -101)*(9 + -8) is divided by 25.
24
Let k(j) = -2*j + 3*j + 6*j - 2 + 17. Calculate the remainder when k(5) is divided by 26.
24
Suppose -3 + 0 = 2*w + 3*n, -3*n = -5*w - 39. Let d(c) = 14*c + 92. Calculate the remainder when 40 is divided by d(w).
0
Suppose 4*s - 12 + 4 = 0. Suppose s*m = -183 + 69. Let h = m - -114. Calculate the remainder when h is divided by 15.
12
Let h = -4 + 4. Suppose -5*n - 4 + 29 = h, 3*f + 5*n - 76 = 0. What is the remainder when 46 is divided by f?
12
Suppose -2*t - 5*t = -21. Suppose 11*s - t*s = 184. Calculate the remainder when s is divided by 8.
7
Let b be 7 + (-75)/10 + (-5)/(-2). Suppose b*k - 3*z - 47 = -4*z, -5*k - 2*z + 116 = 0. Suppose -v = -0*v - 8. Calculate the remainder when k is divided by v.
6
Let b(y) = y**3 - 7*y**2 + 13*y - 13. Let j(w) = 4*w. Let n be j(-4). Let x = 26 + n. Calculate the remainder when b(6) is divided by x.
9
Suppose 11 + 4 = 5*b, -3*b - 241 = -5*a. Calculate the remainder when 106 is divided by a.
6
Let x(c) = -c + 6. Let o be x(4). Suppose -f + o*t + 64 = 0, -2*f - 4*t = f - 162. What is the remainder when f is divided by 20?
18
Let v(n) = n**2 + 174. Suppose -20*d + 33*d = 455. What is the remainder when v(0) is divided by d?
34
Let y = -966 + 2170. Suppose -5*k + 2*x + x = -y, -k + 4*x + 251 = 0. Calculate the remainder when k is divided by 48.
47
Let h = -6 + 41. Suppose 29 = -3*w - 52. Let r = 45 + w. Calculate the remainder when h is divided by r.
17
Let d be (18/8)/((-21)/(-392)). Let f = 73 - d. Let n = -25 - -42. What is the remainder when f is divided by n?
14
Let u = 5 + -16. Let s = -574 + 600. Let v = u + s. What is the remainder when v is divided by 6?
3
Let m(w) = -w**2 - w + 10. Let v be m(0). Let z = 10 - v. Suppose 4*b - 2*h + 0*h - 8 = z, 0 = 5*h - 10. What is the remainder when 10 is divided by b?
1
Let a(v) = -3*v + 1. Let h be a(3). Let i be (2 + h)/(15/10). Calculate the remainder when (-134)/i + (-2)/(-4) is divided by 7.
6
Suppose 5*t = 3*l + 245, t + 1 = -l + 42. Let a be ((-8)/20)/(2/80). Let x = a + 32. Calculate the remainder when t is divided by x.
14
Let f be 0 - -50*5/(-10). Calculate the remainder when 41 is divided by 56/10*f/(-10).
13
Suppose 3*d + i - 169 - 736 = 0, -3*i = 3. What is the remainder when d is divided by 51?
47
Suppose 2*f - 9 = 5*s + 2, 4*s = -3*f + 51. What is the remainder when 15 is divided by f?
2
Suppose 954 = 61*k - 8*k. Calculate the remainder when 141 is divided by k.
15
Let c = 6 + 22. Let j = -2983 - -3063. What is the remainder when j is divided by c?
24
What is the remainder when 10 + (-12)/14*(-308)/(-66) is divided by ((-2)/1)/(-2) + 4?
1
Suppose 1822 = 9*q + 508. Suppose -3*z - 37 = -4*r - q, 0 = r - 2. What is the remainder when z is divided by 11?
6
Let j = -20 - -23. Suppose -j*v - 9 = 0, -5*v = -4*n - 2*v + 177. Calculate the remainder when n is divided by 9.
6
Suppose 7*l - 4*l = -d + 60, -3*l = -3*d - 48. Calculate the remainder when 93 is divided by l.
17
Suppose 3*b + 12 = 6*b. Let r(n) = n**3 - n**2 - n + 2. Suppose 5*u - d = -3*d + 50, 4*u - 58 = 2*d. Calculate the remainder when r(b) is divided by u.
10
Let x = 8 + -3. Let f = x - -7. What is the remainder when 95 is divided by f?
11
Let x = 27 + 306. What is the remainder when x is divided by 28?
25
Let z(u) = 3*u**2 + 6*u + 4. Calculate the remainder when 38 is divided by z(-3).
12
Suppose 4 = -3*h + 5*h. Suppose h = -15*o + 32. Let z = -7 - -12. What is the remainder when z is divided by o?
1
Suppose -2*r = -0*r + 8. Let j = 9 - r. Calculate the remainder when j is divided by 4.
1
Suppose 0 = -14*d + 15*d - 32. Calculate the remainder when 108 is divided by d.
12
Suppose 16 = 3*f - o, 10*f = 5*f - 3*o + 36. What is the remainder when 21 is divided by f?
3
Let f(g) = -4*g + 18. Let t be f(-8). Let c = t + -33. Suppose -9 - 6 = -3*x, 5*i - 220 = 5*x. Calculate the remainder when i is divided by c.
15
Let x = -225 - -240. What is the remainder when x is divided by 10?
5
Let b(i) = -3*i**3 - 7*i**2 - 7*i + 3. Let x be b(-4). Let d = 188 - x. What is the remainder when d is divided by 27?
23
Suppose -3*l - 19 = -4*k, 3*l - 15 = -4*k - 2. Let c = 41 - 25. Calculate the remainder when (676/39)/(k/18) is divided by c.
14
Calculate the remainder when 598 is divided by (-2 + 3 + 0)/((-71)/(-1065)).
13
Suppose -9*j - 26 + 296 = 0. Let a(b) = -b**2 - 14*b + 16. Calculate the remainder when j is divided by a(-14).
14
Suppose 0 = 35*k - 52*k + 408. Suppose -2*d = -d - 5*r - 73, 0 = -2*r - 10. Suppose 42 = 2*b - d. What is the remainder when b is divided by k?
21
Suppose 3*u - 5 + 1 = -x, -x + 2*u + 14 = 0. Let i be 3 + (-1)/(1/1). Suppose -3*p = -i*p - 28. Calculate the remainder when p is divided by x.
8
Let q(w) = 54*w + 50. What is the remainder when q(3) is divided by 71?
70
Let t(b) = 7*b**2 - 2*b - 1. Suppose 4*u = -2*k + 22, 19 = 3*u + 169*k - 165*k. What is the remainder when t(-1) is divided by u?
3
Let j = 1452 + -985. Calculate the remainder when j is divided by 18.
17
Let f(j) = -27*j**2 + 88*j + 1. Let k(l) = 5*l**2 - 5*l. Calculate the remainder when k(6) is divided by f(3).
18
Suppose 14*w - 18 = 13*w. Let y = 32 - w. Calculate the remainder when 37 is divided by y.
9
Suppose -239*k = -259*k + 3580. Calculate the remainder when k is divided by 99.
80
Let d be -1 - (-6 + 3)/3. Suppose j = a - d*a - 29, a - 25 = 3*j. Suppose 2*x = t + x - 3, -t + 13 = x. Calculate the remainder when a is divided by t.
7
Suppose -415*j + 400*j = -2505. What is the remainder when j is divided by 60?
47
Suppose 3*f + 10 = 2*m, 25 = -5*f + 2*m + 3*m. Suppose -9*k + 105 - 15 = f. Calculate the remainder when 48 is divided by k.
8
Suppose -2*b - 3*v = 111, 0*b + v - 252 = 5*b. Let z = b + 53. Let p = 0 - -8. What is the remainder when p is divided by z?
0
Let v = 20 - -9. Calculate the remainder when 75 is divided by v.
17
Let x(l) = -3 + 0 + 4 + 3*l + 6. What is the remainder when x(3) is divided by 6?
4
Suppose 4*l - 26 = 5*l. Let w = 35 + l. What is the remainder when 79 is divided by w?
7
Let y(t) = t**3 + 3*t**2 + 4. Let q be y(-3). Suppose 3*o = q*o - 5. Suppose 5*v + o*d = 20, -v - 5*d + 4 = -8. Calculate the remainder when 4 is divided by v.
0
Let u be -6 - -7 - (1 + -3). Suppose 0 = f - u - 0. Suppose -s = 4*i - 44, 0 = 3*i + f*s + s - 46. Calculate the remainder when 18 is divided by i.
8
Let c(i) = -i**3 + 19*i**2 + 3*i - 30. Calculate the remainder when c(18) is divided by 13.
10
Let n(m) = -m**3 + 5*m + 6. Let r be n(-2). Suppose 19 = -r*w + 3, w = 4*y - 156. What is the remainder when y is divided by 3?
2
Let b(x) = 9*x + 182. Let v be b(-20). Let u(a) = -6*a - 2. Let d be u(-4). Suppose -6 = v*j - d. Calculate the remainder when 38 is divided by j.
6
Let b = 10 + -7. What is the remainder when 26 is divided by (-2 + 0 + b)/((-2)/(-14))?
5
Suppose 2*v - 4*a - 14 = v, 5*a = -3*v - 9. Suppose -6*l = -v*l - 20. Let k = 17 - l. What is the remainder when k is divided by 7?
5
Let o be -1 - (-1)/(4/12). Suppose -4*n = 3*t - 35, 0*t + 23 = o*t + 3*n. Suppose t*l - 110 = 8*l. Calculate the remainder when l is divided by 6.
4
Let x(i) = i**2 - 11*i + 32. Let y be x(8). Let j(s) = -s + 28. What is the remainder when 119 is divided by j(y)?
19
Suppose -2*l - 1 = -9. Suppose 0 = 3*u - 2*f - 11, -4*f - 30 = -l*u - 10. Calculate the remainder when 4 is divided by u/(3 - (-5)/(-2)).
0
Let o = -31 - -21. Calculate the remainder when 9 is divided by o/75 + (-184)/(-30).
3
Suppose -1572 = -4*f - 268. Calculate the remainder when f is divided by 41.
39
Suppose l + l = -3*o + 40, -2*l = o - 48. What is the remainder when 